+ h**2 - 7*h - 12*h + 17 - 5*h. Let v be q(9). What is the tens digit of n(v)?
0
Let j(m) = 3*m. Let x be j(4). Let c be (25/30 - -2) + 2/x. Suppose 153 = c*t - 4*i, -t = -4*t - 2*i + 135. What is the tens digit of t?
4
Suppose 2*d - 9 = -3*b, -d + 6*b - 2 = b. Let i(r) = -7*r**d + 7*r + r + 4 + 8*r**3 - 5*r. What is the units digit of i(3)?
0
Let v(l) be the first derivative of l**3/3 + 3*l**2/2 + 15*l + 199. What is the hundreds digit of v(25)?
7
Let k = 90 + -83. Suppose w + 5*r - k = 0, r + 16 = w + 3*r. Let z = 63 - w. What is the tens digit of z?
4
Suppose f - 4*f + 13374 = -22500. What is the units digit of f?
8
Let j = 17554 + -9799. What is the hundreds digit of j?
7
Let d(j) = -8*j - 93. Suppose 5*m = -5*l - 103 + 28, -4*m - 24 = l. What is the units digit of d(l)?
3
Let f(p) = -p**3 + 8*p**2 + 23*p - 21. Let o be f(10). What is the units digit of 6/o - 29189/(-51)?
3
Let a(t) = 25*t**2 + 8*t - 320. What is the tens digit of a(-14)?
6
Let x be 3*3*1493*(-7)/(-63). Suppose -853 = -6*a + x. What is the units digit of a?
1
Let c be (4 - (-12 + -197))*(-98)/(-6). Suppose c = 4*x + 51. What is the units digit of x?
7
Let y = -26191 - -43851. What is the ten thousands digit of y?
1
Let n = 1206 + 573. What is the units digit of n?
9
Let d = -298 + 291. What is the units digit of 49/d + 5 + 63?
1
Let h(q) = -5*q - 8. Suppose -k + 3*a = -7, -a + 3 = -4*k - 2. Let r be h(k). Suppose 2*i - 176 = -2*g, -r*i + 485 = 4*g + 131. What is the tens digit of g?
8
Let s = 242 + -257. What is the units digit of (-36)/s*((-5070)/(-12))/13?
8
Suppose 3*z = 2*y - 2*z + 445, 0 = -3*z - 9. Let u = 269 + y. What is the tens digit of u?
3
Suppose -3*u + 29 = 2*f, -2*u + f + 4*f + 13 = 0. Suppose -4123 = -u*h - 541. What is the units digit of h?
8
Suppose -g - 4*s = -10621, 141 = -3*s + 129. What is the thousands digit of g?
0
Let k(q) = 198*q**2 + 12*q - 18. What is the hundreds digit of k(-7)?
6
Suppose -38118 - 58582 = -25*z. What is the hundreds digit of z?
8
Let n(z) be the second derivative of -2*z**3 + 61*z**2/2 - 30*z. What is the units digit of n(-7)?
5
Suppose -12807 = -10*f + f. Suppose 12*y + f = 3631. What is the units digit of y?
4
Suppose 4*i + 41 = -55. Let c = 28 + i. Suppose c*n + 3*d - 4 = 7, -5*n = -2*d - 31. What is the units digit of n?
5
Suppose -2*n + 36624 = -2*a, 5*a = 2*n - 29330 - 7288. What is the thousands digit of n?
8
Let i be 319 - 1/(-5 - -4). Suppose -21*s + i = -16*s. Let b = s - 43. What is the tens digit of b?
2
Let x = 160 + -160. Suppose 3*b - 3*f + 3 = 0, 5*b - 35 = -5*f + 2*f. Suppose 5*v - 77 = 2*c, 5*v + x*c + b*c - 71 = 0. What is the tens digit of v?
1
Suppose 2*o = -3*c + 35588, 0 = c - o - 4801 - 7060. What is the ten thousands digit of c?
1
Let h(g) = 2*g**2 - 2*g + 2. Let f be h(1). Let p be (15/5)/(f*(-3)/(-606)). What is the hundreds digit of (2/3)/(2/p)?
1
Let v(h) = -20*h - 3. Let d be v(-1). Let a = d - 7. Let l(u) = u**2 - 10*u + 10. What is the tens digit of l(a)?
1
What is the units digit of 163/(4 - 6/(-138)*-91)?
9
Let m(w) = -w + 1. Let z(d) = 16*d + 33. Let q(l) = 5*m(l) + z(l). Let x be q(-7). What is the tens digit of (x/2*2)/(-1)?
3
Suppose -g - 2*w + 639 = 4*g, -2*g + 261 = -w. What is the tens digit of g?
2
Let x = -1518 + 2090. What is the tens digit of x?
7
Suppose -9 = 3*u - 2*s, 5*u - 5*s = -0*u - 15. Let y(k) = 381*k**2 + 11*k + 34. Let h be y(u). What is the hundreds digit of (-6)/4*h/(-21)?
2
What is the ten thousands digit of 153438/15 - (1 - 208/(-40) - 7)?
1
Let q = -613 - -865. Suppose -2*b = -60 - q. Suppose -3*y + 2*n + 304 = y, n - b = -2*y. What is the units digit of y?
7
Suppose 5*a - 211112 = 3*s, 5*s - 8*s + 42190 = a. What is the tens digit of a?
1
Let t(x) = 273*x**2 + 20*x - 4. Let a be t(4). Suppose 5*c = w - 875, -23*w - 2*c = -28*w + a. What is the hundreds digit of w?
8
Let h(k) = 3*k**2 + 1. Let q(r) = -2*r + 5. Let z be q(4). Let t be h(z). Let o = t + 7. What is the units digit of o?
5
Let t be (-2 - 1) + 20/(-1). Let g(l) = -2*l**3 + 3*l + 2. Let c be g(-3). Let s = c - t. What is the units digit of s?
0
What is the units digit of (-14394)/(-9) - 992/744?
8
Suppose 2*x = 2*n, -2*x - 4*n + 2 = -4. Suppose 0 = 17*t - 30*t + 416. What is the units digit of (7 - 7)/(x - 0) + t?
2
Suppose -38*x = -37*x. Suppose 17*f - 23*f + 1044 = x. What is the tens digit of f?
7
Let w(z) = 28*z**3 - 6*z**2 - 22. What is the tens digit of w(6)?
1
What is the hundreds digit of 15*(-23)/115 - -25891?
8
Let t(q) = 8*q**2 - 32*q - 82. Let r(n) = 7*n**2 - 30*n - 81. Let v(i) = 7*r(i) - 6*t(i). What is the tens digit of v(31)?
2
Let c be 498*(-6 + 19/3). Let n = c + 452. What is the tens digit of n?
1
Suppose -4*s + 4952*f + 160390 = 4950*f, 0 = 5*s + 5*f - 200465. What is the units digit of s?
6
Let n be 0 - 2 - (2 + -3)*2. Let k(f) = -f + 92. Let y be k(n). Suppose -50 = -s + 4*p + y, 4*p = 5*s - 646. What is the units digit of s?
6
Suppose 3*l + l - 2*q - 260 = 0, l = -2*q + 60. Suppose i = 154 + l. What is the units digit of i?
8
Let n = -770 + -532. Let x = -615 - n. What is the tens digit of x?
8
What is the tens digit of (-5)/(-4) - (-14019)/4?
0
Suppose -5*r = -4*r - 68. Suppose 3*a = r + 25. Let h = a + -2. What is the tens digit of h?
2
Suppose 10*t - 52 = 6*t. Suppose t*q = 10*q - 10116. What is the units digit of -1*(6/(-15) + q/20)?
9
Let a(y) = -y**2 + 8*y - 4. Let w be a(3). Suppose -17*l + w*l = -870. Suppose 62 = i - 4*b, -5*b + 430 = 5*i + l. What is the tens digit of i?
5
Suppose s - 70 = r, -4*s - 6*r + 2*r = -304. Suppose -4*z - z = -15. Suppose 0 = -4*q + m + 75, 3*q - 7*q = -z*m - s. What is the units digit of q?
9
Let m = 43921 - 23768. What is the ten thousands digit of m?
2
Suppose 0 = -6*o + o - 5*d + 100, -64 = -2*o + 4*d. Let w = o + -19. Suppose 8*m = -2*l + 3*m + 128, 3*m - 339 = -w*l. What is the tens digit of l?
6
What is the thousands digit of 21561/(-2)*-4*18/108?
7
Let z = 391 + -388. Suppose 0 = 4*w - z*d - 1978, -2*d = -2*w + d + 986. What is the hundreds digit of w?
4
Let w(t) be the third derivative of -11/60*t**5 + 0 + 1/60*t**6 + 13/24*t**4 + 0*t + 12*t**2 + t**3. What is the units digit of w(6)?
0
Suppose 38 - 3 = 5*h. Let p(z) = -27 + 18*z + 101 - 39 - 25 - 25. What is the tens digit of p(h)?
1
Let l(u) = -u**2 + 3*u + 6. Suppose 5*z - 8*z = -9. Let d be l(z). Let c(s) = 14*s - 5. What is the tens digit of c(d)?
7
Suppose 273390 + 370717 = 20*n - 124173. What is the units digit of n?
4
Suppose 14*c - 13*c = 511. Let h = c + 970. What is the units digit of h?
1
Let g(z) = -75*z - 31. Let n = -259 - -254. What is the units digit of g(n)?
4
Let l(h) = 8*h - 14. Let w(x) = -1. Let f(v) = -l(v) + 4*w(v). Let k be f(-7). Suppose -3*o + k = -45. What is the units digit of o?
7
What is the tens digit of (37849 - (8 - 30/10)) + -6?
3
Suppose 0 = 23*a + 32*a - 83985. What is the tens digit of a?
2
What is the units digit of (12/7)/((2/112595)/((-5)/(-25)))?
2
Let z(b) = 625*b - 1967. What is the thousands digit of z(18)?
9
Let q be (-10)/((-9)/(54/5)). Suppose -q*z + 10571 = 19*z. What is the units digit of z?
1
Suppose 28*h + 629068 = -19*h + 91*h. What is the ten thousands digit of h?
1
Let j = 26534 - 12557. What is the hundreds digit of j?
9
Let v be 7 - (15/10)/(2/4). Suppose 0 = -v*z + 5 + 11. What is the units digit of z/(-8)*(-40 - -4)?
8
Let p = 6 + 22. Suppose 0 = -2*h + 2*a - 8, 5*a + 0 = -3*h - p. What is the units digit of 2*(-111)/h + -3 + 6?
0
Let z(d) = 175*d**2 + 74*d - 1085. What is the thousands digit of z(10)?
7
Let c be -2*4 + 8/(-3 + 7). Let h(x) = -4*x**2 - 13*x + 6. Let q be h(c). Let n = q + 179. What is the hundreds digit of n?
1
Let a = 567 + 3753. What is the tens digit of a?
2
Let o(v) = 5*v**2 - 2 + 22*v + 0*v**2 + 14 - 4. What is the hundreds digit of o(-10)?
2
Let k(q) = q**3 - 6*q**2 - 4*q + 7. Let m be (-10)/(-35) - 188/(-28). What is the units digit of k(m)?
8
Let v = 178 - 107. Let c = v + -122. What is the tens digit of (-4 - -1) + c/(-3)?
1
Suppose -13637 = -3*x - 5*a + 31051, -74480 = -5*x + 4*a. What is the units digit of x?
6
Let i = 254 - 242. What is the hundreds digit of i/22 - (-36790)/110?
3
Suppose -g + 0*g - 575 = 4*u, -4*u - 585 = -g. Let s = 563 + u. Suppose 138 = -5*k + s. What is the tens digit of k?
5
